{"id":20710,"date":"2021-07-02T15:31:56","date_gmt":"2021-07-02T15:31:56","guid":{"rendered":"https:\/\/www.lumen-care.com\/vimeo-video\/temoignage-nathalie-intolerante-parfums-et-acariens-apres-traitement-par-homeopathie-de-contact-lumen-care\/"},"modified":"2021-07-02T15:31:56","modified_gmt":"2021-07-02T15:31:56","slug":"erfahrungsbericht-nathalie-mit-duftstoff-und-hausstaubmilbenintoleranz-nach-der-behandlung-mit-kontakthomoopathie-lumen-care","status":"publish","type":"vimeo-video","link":"https:\/\/www.lumen-care.com\/de\/vimeo-video\/erfahrungsbericht-nathalie-mit-duftstoff-und-hausstaubmilbenintoleranz-nach-der-behandlung-mit-kontakthomoopathie-lumen-care\/","title":{"rendered":"Erfahrungsbericht Nathalie, intolerant gegen\u00fcber Duftstoffen und Hausstaubmilben, nach Behandlung mit Lumen Care Kontakthom\u00f6opathie."},"content":{"rendered":"<p>Erfahrungsbericht Nathalie, Parf\u00fcm- und Hausstaubmilbenallergikerin, nach Behandlung mit Lumen Care Kontakthom\u00f6opathie.<\/p>","protected":false},"excerpt":{"rendered":"<p>Erfahrungsbericht Nathalie, Parf\u00fcm- und Hausstaubmilbenallergikerin, nach Behandlung mit Lumen Care Kontakthom\u00f6opathie.<\/p>","protected":false},"author":1111,"featured_media":20711,"comment_status":"","ping_status":"","template":"","format":"video","meta":{"inline_featured_image":false,"__cvm_playback_settings":{"title":1,"byline":1,"portrait":1,"loop":0,"autoplay":0,"color":"#","dnt":0,"aspect_ratio":"16x9","width":900,"max_height":0,"video_position":"below-content","video_align":"align-left","lazy_load":false,"play_icon_color":"#FF0000","volume":100,"playlist_loop":0,"aspect_override":true,"start_time":0,"muted":false,"background":false,"transparent":false,"allow_override":false},"__cvm_video_id":"570345484","footnotes":""},"vimeo-videos":[1166],"vimeo-tag":[],"class_list":["post-20710","vimeo-video","type-vimeo-video","status-publish","format-video","has-post-thumbnail","hentry","vimeo-videos-temoignages-clients"],"vimeo_video":{"video_id":"570345484","uploader":"lumen care","uploader_uri":"\/users\/103114522","published":"2021-07-02T15:31:56+00:00","_published":"Jul 02nd, 2021","updated":"2024-02-06T22:15:17+00:00","title":"Erfahrungsbericht Nathalie, intolerant gegen\u00fcber Duftstoffen und Hausstaubmilben, nach Behandlung mit Lumen Care Kontakthom\u00f6opathie.","description":"Erfahrungsbericht Nathalie, Parf\u00fcm- und Hausstaubmilbenallergikerin, nach Behandlung mit Lumen Care Kontakthom\u00f6opathie.","tags":[],"duration":163,"_duration":"02:43","thumbnails":["https:\/\/i.vimeocdn.com\/video\/1179382820-58b74cde21251b4e1d36ea12825ede9e92aef9a6c144da2770fafdc1d60fac57-d_100x75?r=pad","https:\/\/i.vimeocdn.com\/video\/1179382820-58b74cde21251b4e1d36ea12825ede9e92aef9a6c144da2770fafdc1d60fac57-d_200x150?r=pad","https:\/\/i.vimeocdn.com\/video\/1179382820-58b74cde21251b4e1d36ea12825ede9e92aef9a6c144da2770fafdc1d60fac57-d_295x166?r=pad","https:\/\/i.vimeocdn.com\/video\/1179382820-58b74cde21251b4e1d36ea12825ede9e92aef9a6c144da2770fafdc1d60fac57-d_640x360?r=pad","https:\/\/i.vimeocdn.com\/video\/1179382820-58b74cde21251b4e1d36ea12825ede9e92aef9a6c144da2770fafdc1d60fac57-d_960x540?r=pad","https:\/\/i.vimeocdn.com\/video\/1179382820-58b74cde21251b4e1d36ea12825ede9e92aef9a6c144da2770fafdc1d60fac57-d_1280x720?r=pad","https:\/\/i.vimeocdn.com\/video\/1179382820-58b74cde21251b4e1d36ea12825ede9e92aef9a6c144da2770fafdc1d60fac57-d_1920x1080?r=pad"],"stats":{"comments":0,"likes":0,"views":0},"privacy":"public","view_privacy":"disable","embed_privacy":"public","size":{"width":1280,"height":720,"ratio":1.78},"type":"video","uri":"\/videos\/570345484","link":"\/user103114522\/review\/570345484\/ff1e42eb86","embed_url":"https:\/\/player.vimeo.com\/video\/570345484?h=c1be82adb3"},"_links":{"self":[{"href":"https:\/\/www.lumen-care.com\/de\/wp-json\/wp\/v2\/vimeo-video\/20710","targetHints":{"allow":["GET"]}}],"collection":[{"href":"https:\/\/www.lumen-care.com\/de\/wp-json\/wp\/v2\/vimeo-video"}],"about":[{"href":"https:\/\/www.lumen-care.com\/de\/wp-json\/wp\/v2\/types\/vimeo-video"}],"author":[{"embeddable":true,"href":"https:\/\/www.lumen-care.com\/de\/wp-json\/wp\/v2\/users\/1111"}],"replies":[{"embeddable":true,"href":"https:\/\/www.lumen-care.com\/de\/wp-json\/wp\/v2\/comments?post=20710"}],"version-history":[{"count":0,"href":"https:\/\/www.lumen-care.com\/de\/wp-json\/wp\/v2\/vimeo-video\/20710\/revisions"}],"wp:featuredmedia":[{"embeddable":true,"href":"https:\/\/www.lumen-care.com\/de\/wp-json\/wp\/v2\/media\/20711"}],"wp:attachment":[{"href":"https:\/\/www.lumen-care.com\/de\/wp-json\/wp\/v2\/media?parent=20710"}],"wp:term":[{"taxonomy":"vimeo-videos","embeddable":true,"href":"https:\/\/www.lumen-care.com\/de\/wp-json\/wp\/v2\/vimeo-videos?post=20710"},{"taxonomy":"vimeo-tag","embeddable":true,"href":"https:\/\/www.lumen-care.com\/de\/wp-json\/wp\/v2\/vimeo-tag?post=20710"}],"curies":[{"name":"wp","href":"https:\/\/api.w.org\/{rel}","templated":true}]}}

Erfahrungsbericht Nathalie, intolerant gegenüber Duftstoffen und Hausstaubmilben, nach Behandlung mit Lumen Care Kontakthomöopathie.

<p>Erfahrungsbericht Nathalie, Parfüm- und Hausstaubmilbenallergikerin, nach Behandlung mit Lumen Care Kontakthomöopathie.</p>

Erfahrungsbericht Nathalie, Parfüm- und Hausstaubmilbenallergikerin, nach Behandlung mit Lumen Care Kontakthomöopathie.
