{"id":20712,"date":"2023-01-18T13:49:04","date_gmt":"2023-01-18T13:49:04","guid":{"rendered":"https:\/\/www.lumen-care.com\/vimeo-video\/intolerante-a-lananas-et-au-kiwi-maintenant-maurane-peut-les-manger-sans-aucun-souci\/"},"modified":"2023-01-18T13:49:04","modified_gmt":"2023-01-18T13:49:04","slug":"allergisch-auf-lananas-und-kiwi-jetzt-kann-muran-es-ohne-sorgen-essen","status":"publish","type":"vimeo-video","link":"https:\/\/www.lumen-care.com\/de\/vimeo-video\/allergisch-auf-lananas-und-kiwi-jetzt-kann-muran-es-ohne-sorgen-essen\/","title":{"rendered":"Unvertr\u00e4glichkeit von Ananas und Kiwi, jetzt kann Maurane sie ohne Bedenken essen!"},"content":{"rendered":"<p>Es tut gut, leben zu k\u00f6nnen, ohne an diese Allergien denken zu m\u00fcssen.<br \/>\nIch bin allergisch gegen Ananas und Kiwi, jetzt kann ich sie ohne Bedenken essen.<\/p>","protected":false},"excerpt":{"rendered":"<p>Es f\u00fchlt sich gut an, wenn man leben kann, ohne an die Allergien denken zu m\u00fcssen. Ich bin allergisch gegen Ananas und Kiwi, jetzt kann ich sie ohne Bedenken essen.<\/p>","protected":false},"author":1111,"featured_media":20713,"comment_status":"","ping_status":"","template":"","format":"video","meta":{"inline_featured_image":false,"__cvm_playback_settings":{"title":1,"byline":1,"portrait":1,"loop":0,"autoplay":0,"color":"#","dnt":0,"aspect_ratio":"16x9","width":900,"max_height":0,"video_position":"below-content","video_align":"align-left","lazy_load":false,"play_icon_color":"#FF0000","volume":100,"playlist_loop":0,"aspect_override":true,"start_time":0,"muted":false,"background":false,"transparent":false,"allow_override":false},"__cvm_video_id":"790427626","footnotes":""},"vimeo-videos":[1166],"vimeo-tag":[],"class_list":["post-20712","vimeo-video","type-vimeo-video","status-publish","format-video","has-post-thumbnail","hentry","vimeo-videos-temoignages-clients"],"vimeo_video":{"video_id":"790427626","uploader":"lumen care","uploader_uri":"\/users\/103114522","published":"2023-01-18T13:49:04+00:00","_published":"Jan 18th, 2023","updated":"2024-01-24T14:09:36+00:00","title":"Unvertr\u00e4glichkeit von Ananas und Kiwi, jetzt kann Maurane sie ohne Bedenken essen!","description":"Es f\u00fchlt sich gut an, wenn man leben kann, ohne an die Allergien denken zu m\u00fcssen. Ich bin allergisch gegen Ananas und Kiwi, jetzt kann ich sie ohne Bedenken essen.","tags":[],"duration":125,"_duration":"02:05","thumbnails":["https:\/\/i.vimeocdn.com\/video\/1590308935-cc284f5d21d11085f0717fe4a057c4ce90b525289f45ad164d38915f6b47b9b2-d_100x75?r=pad","https:\/\/i.vimeocdn.com\/video\/1590308935-cc284f5d21d11085f0717fe4a057c4ce90b525289f45ad164d38915f6b47b9b2-d_200x150?r=pad","https:\/\/i.vimeocdn.com\/video\/1590308935-cc284f5d21d11085f0717fe4a057c4ce90b525289f45ad164d38915f6b47b9b2-d_295x166?r=pad","https:\/\/i.vimeocdn.com\/video\/1590308935-cc284f5d21d11085f0717fe4a057c4ce90b525289f45ad164d38915f6b47b9b2-d_640x360?r=pad","https:\/\/i.vimeocdn.com\/video\/1590308935-cc284f5d21d11085f0717fe4a057c4ce90b525289f45ad164d38915f6b47b9b2-d_960x540?r=pad","https:\/\/i.vimeocdn.com\/video\/1590308935-cc284f5d21d11085f0717fe4a057c4ce90b525289f45ad164d38915f6b47b9b2-d_1280x720?r=pad","https:\/\/i.vimeocdn.com\/video\/1590308935-cc284f5d21d11085f0717fe4a057c4ce90b525289f45ad164d38915f6b47b9b2-d_1920x1080?r=pad"],"stats":{"comments":0,"likes":0,"views":0},"privacy":"public","view_privacy":"disable","embed_privacy":"public","size":{"width":1280,"height":720,"ratio":1.78},"type":"video","uri":"\/videos\/790427626","link":"\/user103114522\/review\/790427626\/3fcd1049a9","embed_url":"https:\/\/player.vimeo.com\/video\/790427626?h=8143b74f19"},"_links":{"self":[{"href":"https:\/\/www.lumen-care.com\/de\/wp-json\/wp\/v2\/vimeo-video\/20712","targetHints":{"allow":["GET"]}}],"collection":[{"href":"https:\/\/www.lumen-care.com\/de\/wp-json\/wp\/v2\/vimeo-video"}],"about":[{"href":"https:\/\/www.lumen-care.com\/de\/wp-json\/wp\/v2\/types\/vimeo-video"}],"author":[{"embeddable":true,"href":"https:\/\/www.lumen-care.com\/de\/wp-json\/wp\/v2\/users\/1111"}],"replies":[{"embeddable":true,"href":"https:\/\/www.lumen-care.com\/de\/wp-json\/wp\/v2\/comments?post=20712"}],"version-history":[{"count":0,"href":"https:\/\/www.lumen-care.com\/de\/wp-json\/wp\/v2\/vimeo-video\/20712\/revisions"}],"wp:featuredmedia":[{"embeddable":true,"href":"https:\/\/www.lumen-care.com\/de\/wp-json\/wp\/v2\/media\/20713"}],"wp:attachment":[{"href":"https:\/\/www.lumen-care.com\/de\/wp-json\/wp\/v2\/media?parent=20712"}],"wp:term":[{"taxonomy":"vimeo-videos","embeddable":true,"href":"https:\/\/www.lumen-care.com\/de\/wp-json\/wp\/v2\/vimeo-videos?post=20712"},{"taxonomy":"vimeo-tag","embeddable":true,"href":"https:\/\/www.lumen-care.com\/de\/wp-json\/wp\/v2\/vimeo-tag?post=20712"}],"curies":[{"name":"wp","href":"https:\/\/api.w.org\/{rel}","templated":true}]}}

Unverträglichkeit von Ananas und Kiwi, jetzt kann Maurane sie ohne Bedenken essen!

<p>Es tut gut, leben zu können, ohne an diese Allergien denken zu müssen.<br />
Ich bin allergisch gegen Ananas und Kiwi, jetzt kann ich sie ohne Bedenken essen.</p>

<p>Es fühlt sich gut an, wenn man leben kann, ohne an die Allergien denken zu müssen. Ich bin allergisch gegen Ananas und Kiwi, jetzt kann ich sie ohne Bedenken essen.</p>

Es fühlt sich gut an, wenn man leben kann, ohne an die Allergien denken zu müssen. Ich bin allergisch gegen Ananas und Kiwi, jetzt kann ich sie ohne Bedenken essen.
