{"id":11018,"date":"2022-05-12T17:05:09","date_gmt":"2022-05-12T15:05:09","guid":{"rendered":"https:\/\/www.lumen-care.com\/?page_id=11018"},"modified":"2024-02-20T16:03:21","modified_gmt":"2024-02-20T15:03:21","slug":"formacion-en-marketing-digital","status":"publish","type":"page","link":"https:\/\/www.lumen-care.com\/es\/catalogo-de-formacion\/formacion-en-marketing-digital\/","title":{"rendered":"Formaci\u00f3n en marketing digital"},"content":{"rendered":"<div data-elementor-type=\"wp-page\" data-elementor-id=\"11018\" class=\"elementor elementor-11018\" data-elementor-post-type=\"page\">\n\t\t\t\t\t\t<section data-particle_enable=\"false\" data-particle-mobile-disabled=\"false\" class=\"elementor-section elementor-top-section elementor-element elementor-element-6e97a836 elementor-section-boxed elementor-section-height-default elementor-section-height-default\" data-id=\"6e97a836\" data-element_type=\"section\" data-e-type=\"section\">\n\t\t\t\t\t\t<div class=\"elementor-container elementor-column-gap-default\">\n\t\t\t\t\t<div class=\"elementor-column elementor-col-100 elementor-top-column elementor-element elementor-element-70793bf8\" data-id=\"70793bf8\" data-element_type=\"column\" data-e-type=\"column\">\n\t\t\t<div class=\"elementor-widget-wrap elementor-element-populated\">\n\t\t\t\t\t\t<section data-particle_enable=\"false\" data-particle-mobile-disabled=\"false\" class=\"elementor-section elementor-inner-section elementor-element elementor-element-d8552f4 elementor-section-boxed elementor-section-height-default elementor-section-height-default\" data-id=\"d8552f4\" data-element_type=\"section\" data-e-type=\"section\">\n\t\t\t\t\t\t<div class=\"elementor-container elementor-column-gap-default\">\n\t\t\t\t\t<div class=\"elementor-column elementor-col-50 elementor-inner-column elementor-element elementor-element-71289ec\" data-id=\"71289ec\" data-element_type=\"column\" data-e-type=\"column\">\n\t\t\t<div class=\"elementor-widget-wrap elementor-element-populated\">\n\t\t\t\t\t\t<div class=\"elementor-element elementor-element-1792e82 elementor-widget elementor-widget-text-editor\" data-id=\"1792e82\" data-element_type=\"widget\" data-e-type=\"widget\" data-widget_type=\"text-editor.default\">\n\t\t\t\t<div class=\"elementor-widget-container\">\n\t\t\t\t\t\t\t\t\t<p><strong style=\"color: #00aae7; font-family: Lato, sans-serif; font-size: 1.6em;\">V\u00eda \"Redes sociales profesionales<\/strong><\/p><p><strong><em>Conforme al t\u00edtulo RS6240 \"Gesti\u00f3n de las comunicaciones digitales de una empresa a trav\u00e9s de las redes sociales\".<\/em><\/strong><\/p><p><strong style=\"color: #00aae7; font-family: Lato, sans-serif; font-size: 1.6em;\">Objetivos de aprendizaje<\/strong><\/p><p>Al finalizar el curso, los alumnos ser\u00e1n capaces de :<\/p><ul><li>Utilice las redes sociales adecuadas en funci\u00f3n de sus objetivos y su p\u00fablico objetivo, explotando todas sus funcionalidades para garantizar el \u00e9xito de la estrategia de medios sociales de su empresa,<\/li><li>Crear visuales adaptados a los criterios de la red social elegida para su difusi\u00f3n integrando soluciones inclusivas, con el fin de crear contenidos \u00f3ptimos para aumentar la visibilidad de la empresa accesible a todos,<\/li><li>Desarrollar un plan de redes sociales mediante la creaci\u00f3n de una l\u00ednea editorial basada en diferentes temas de publicaci\u00f3n con el fin de satisfacer las demandas de la comunidad de las redes sociales,<\/li><li>Crear publicaciones y contenidos profesionales adaptando el formato de distribuci\u00f3n, los elementos visuales y redactando la redacci\u00f3n para mantener la visibilidad de la empresa en las redes sociales,<\/li><li>Optimiza la gesti\u00f3n de tus p\u00e1ginas de empresa de Facebook e Instagram con la herramienta 0 \"Meta Business Suite\" para mejorar la eficacia de tu comunicaci\u00f3n en las redes sociales,<\/li><li>Gestionar la cuenta social profesional moderando los intercambios, comentarios y mensajes para gestionar eficazmente la reputaci\u00f3n electr\u00f3nica de la empresa,<\/li><li>Crear una campa\u00f1a patrocinada definiendo su objetivo, el p\u00fablico destinatario y el mensaje que se quiere transmitir para mejorar los resultados de la campa\u00f1a.<\/li><\/ul><p><strong style=\"color: #00aae7; font-family: Lato, sans-serif; font-size: 1.6em;\">Destinatarios<\/strong><\/p><p>Cualquier persona que trabaje o tenga un proyecto profesional que le obligue a comunicarse a trav\u00e9s de las redes sociales.<\/p><p>\u00a0<\/p><p><strong style=\"color: #00aae7; font-family: Lato, sans-serif; font-size: 1.6em;\">Requisitos previos<\/strong><\/p><p>Nivel t\u00e9cnico: Conocimientos inform\u00e1ticos b\u00e1sicos<br \/>Equipamiento: acceso a Internet de banda ancha, ordenador con webcam y micr\u00f3fono para las sesiones individuales<\/p><p>\u00a0<\/p><p><strong style=\"color: #00aae7; font-family: Lato, sans-serif; font-size: 1.6em;\">Duraci\u00f3n del curso<\/strong><\/p><ul><li>25 horas de e-learning<\/li><li>5 horas de apoyo individual<\/li><\/ul><p><strong style=\"color: #00aae7; font-family: Lato, sans-serif; font-size: 1.6em;\">Plazos y procedimientos de acceso<\/strong><br \/>Acceso inmediato e ilimitado<\/p><p>\u00a0<\/p><p><strong style=\"color: #00aae7; font-family: Lato, sans-serif; font-size: 1.6em;\">Recursos did\u00e1cticos<br \/><\/strong><\/p><ul><li>Acceso ilimitado a una plataforma de aprendizaje electr\u00f3nico<\/li><li>Materiales del curso para descargar<\/li><li>Cuestionario<\/li><li>Ejercicios<\/li><li>Entrevistas individuales sobre el zoom<\/li><\/ul><p><strong style=\"color: #00aae7; font-family: Lato, sans-serif; font-size: 1.6em;\">Resultados previstos de la formaci\u00f3n<\/strong><\/p><p>Este curso le prepara para la certificaci\u00f3n \"Gesti\u00f3n de la comunicaci\u00f3n digital\".<br \/>de una empresa a trav\u00e9s de las redes sociales\". T\u00edtulo registrado en el<br \/>espec\u00edfico N\u00b0RS6240 de ALLOKOM ; v\u00e1lido hasta el 25\/01\/2026<\/p><p><a href=\"https:\/\/www.francecompetences.fr\/recherche\/rs\/6240\/\" target=\"_blank\" rel=\"noopener\">www.francecompetences.fr\/recherche\/rs\/6240<\/a><br \/><a href=\"http:\/\/www.allokom.fr\" target=\"_blank\" rel=\"noopener\">www.allokom.fr<\/a><\/p><p>\u00a0<\/p><p><strong style=\"color: #00aae7; font-family: Lato, sans-serif; font-size: 1.6em;\">M\u00e9todo de evaluaci\u00f3n<\/strong><\/p><p>La evaluaci\u00f3n durante el curso ser\u00e1 continua, combinando ejercicios pr\u00e1cticos que se realizar\u00e1n directamente en las redes sociales del alumno. Estos m\u00e9todos est\u00e1n dise\u00f1ados para medir la comprensi\u00f3n del alumno y su capacidad para aplicar los conocimientos adquiridos y ajustarlos en tiempo real.<\/p><p><strong>Examen de certificaci\u00f3n obligatorio con arreglo al RS n\u00ba 6240 :<br \/><\/strong>A m\u00e1s tardar 2 meses despu\u00e9s del curso, un grupo de examinadores compuesto por 2 expertos en comunicaci\u00f3n digital le invitar\u00e1 a presentar su trabajo y le interrogar\u00e1 sobre las 7 competencias inherentes al curso.<\/p><p>\u00a0<\/p><p><strong style=\"color: #00aae7; font-family: Lato, sans-serif; font-size: 1.6em;\">Accesibilidad para personas con discapacidad<\/strong><\/p><p>Este curso es accesible para personas con discapacidad.<\/p><p>\u00a0<\/p>\t\t\t\t\t\t\t\t<\/div>\n\t\t\t\t<\/div>\n\t\t\t\t<div class=\"elementor-element elementor-element-5791d65 elementor-widget elementor-widget-text-editor\" data-id=\"5791d65\" data-element_type=\"widget\" data-e-type=\"widget\" data-widget_type=\"text-editor.default\">\n\t\t\t\t<div class=\"elementor-widget-container\">\n\t\t\t\t\t\t\t\t\t<p><strong style=\"color: #00aae7; font-family: Lato, sans-serif; font-size: 1.6em;\">Indicadores de resultados (2023) :<\/strong><\/p><p>\u00a0<\/p>\t\t\t\t\t\t\t\t<\/div>\n\t\t\t\t<\/div>\n\t\t\t\t<div class=\"elementor-element elementor-element-edc5b41 elementor-widget elementor-widget-text-editor\" data-id=\"edc5b41\" data-element_type=\"widget\" data-e-type=\"widget\" data-widget_type=\"text-editor.default\">\n\t\t\t\t<div class=\"elementor-widget-container\">\n\t\t\t\t\t\t\t\t\t<div data-id=\"a088c19\" data-element_type=\"widget\" data-widget_type=\"text-editor.default\"><div><div><ul><li>N\u00famero de alumnos: 17<\/li><li>Tasa de abandono: 12 %<\/li><\/ul><\/div><\/div><\/div>\t\t\t\t\t\t\t\t<\/div>\n\t\t\t\t<\/div>\n\t\t\t\t\t<\/div>\n\t\t<\/div>\n\t\t\t\t<div class=\"elementor-column elementor-col-50 elementor-inner-column elementor-element elementor-element-57f9972\" data-id=\"57f9972\" data-element_type=\"column\" data-e-type=\"column\">\n\t\t\t<div class=\"elementor-widget-wrap elementor-element-populated\">\n\t\t\t\t\t\t<div class=\"elementor-element elementor-element-96f3e2d elementor-widget elementor-widget-text-editor\" data-id=\"96f3e2d\" data-element_type=\"widget\" data-e-type=\"widget\" data-widget_type=\"text-editor.default\">\n\t\t\t\t<div class=\"elementor-widget-container\">\n\t\t\t\t\t\t\t\t\t<p style=\"text-align: right;\"><em>Actualizado: 19\/01\/2023<br \/><\/em><\/p>\t\t\t\t\t\t\t\t<\/div>\n\t\t\t\t<\/div>\n\t\t\t\t<div class=\"elementor-element elementor-element-b3654d5 elementor-nav-menu__align-end elementor-nav-menu--dropdown-mobile elementor-nav-menu__text-align-aside elementor-nav-menu--toggle elementor-nav-menu--burger elementor-widget elementor-widget-nav-menu\" data-id=\"b3654d5\" data-element_type=\"widget\" data-e-type=\"widget\" data-settings=\"{&quot;layout&quot;:&quot;vertical&quot;,&quot;submenu_icon&quot;:{&quot;value&quot;:&quot;&lt;i class=\\&quot;fas fa-caret-down\\&quot; aria-hidden=\\&quot;true\\&quot;&gt;&lt;\\\/i&gt;&quot;,&quot;library&quot;:&quot;fa-solid&quot;},&quot;toggle&quot;:&quot;burger&quot;}\" data-widget_type=\"nav-menu.default\">\n\t\t\t\t<div class=\"elementor-widget-container\">\n\t\t\t\t\t\t\t\t<nav aria-label=\"Men\u00fa\" class=\"elementor-nav-menu--main elementor-nav-menu__container elementor-nav-menu--layout-vertical e--pointer-text e--animation-shrink\">\n\t\t\t\t<ul id=\"menu-1-b3654d5\" class=\"elementor-nav-menu sm-vertical\"><li class=\"menu-item menu-item-type-post_type menu-item-object-page menu-item-11095\"><a href=\"https:\/\/www.lumen-care.com\/es\/catalogo-de-formacion\/formacion-en-marketing-digital\/\" class=\"elementor-item\">\u00bfPara qui\u00e9n y por qu\u00e9?<\/a><\/li>\n<li class=\"menu-item menu-item-type-post_type menu-item-object-page menu-item-11096\"><a href=\"https:\/\/www.lumen-care.com\/es\/catalogo-de-formacion\/programa-de-marketing-digital\/\" class=\"elementor-item\">Programa<\/a><\/li>\n<li class=\"menu-item menu-item-type-post_type menu-item-object-page menu-item-11097\"><a href=\"https:\/\/www.lumen-care.com\/es\/catalogo-de-formacion\/tarifas-de-marketing-digital\/\" class=\"elementor-item\">Calendario y precios<\/a><\/li>\n<\/ul>\t\t\t<\/nav>\n\t\t\t\t\t<div class=\"elementor-menu-toggle\" role=\"button\" tabindex=\"0\" aria-label=\"Men\u00fa alternativo\" aria-expanded=\"false\">\n\t\t\t<i aria-hidden=\"true\" role=\"presentation\" class=\"elementor-menu-toggle__icon--open eicon-menu-bar\"><\/i><i aria-hidden=\"true\" role=\"presentation\" class=\"elementor-menu-toggle__icon--close eicon-close\"><\/i>\t\t<\/div>\n\t\t\t\t\t<nav class=\"elementor-nav-menu--dropdown elementor-nav-menu__container\" aria-hidden=\"true\">\n\t\t\t\t<ul id=\"menu-2-b3654d5\" class=\"elementor-nav-menu sm-vertical\"><li class=\"menu-item menu-item-type-post_type menu-item-object-page menu-item-11095\"><a href=\"https:\/\/www.lumen-care.com\/es\/catalogo-de-formacion\/formacion-en-marketing-digital\/\" class=\"elementor-item\" tabindex=\"-1\">\u00bfPara qui\u00e9n y por qu\u00e9?<\/a><\/li>\n<li class=\"menu-item menu-item-type-post_type menu-item-object-page menu-item-11096\"><a href=\"https:\/\/www.lumen-care.com\/es\/catalogo-de-formacion\/programa-de-marketing-digital\/\" class=\"elementor-item\" tabindex=\"-1\">Programa<\/a><\/li>\n<li class=\"menu-item menu-item-type-post_type menu-item-object-page menu-item-11097\"><a href=\"https:\/\/www.lumen-care.com\/es\/catalogo-de-formacion\/tarifas-de-marketing-digital\/\" class=\"elementor-item\" tabindex=\"-1\">Calendario y precios<\/a><\/li>\n<\/ul>\t\t\t<\/nav>\n\t\t\t\t\t\t<\/div>\n\t\t\t\t<\/div>\n\t\t\t\t<div class=\"elementor-element elementor-element-1e54dbf elementor-button-info elementor-align-center elementor-widget elementor-widget-button\" data-id=\"1e54dbf\" data-element_type=\"widget\" data-e-type=\"widget\" data-widget_type=\"button.default\">\n\t\t\t\t<div class=\"elementor-widget-container\">\n\t\t\t\t\t\t\t\t\t<div class=\"elementor-button-wrapper\">\n\t\t\t\t\t<a class=\"elementor-button elementor-button-link elementor-size-sm\" href=\"https:\/\/appt.link\/lumen-care-laboratory\/rdv-information\" target=\"_blank\">\n\t\t\t\t\t\t<span class=\"elementor-button-content-wrapper\">\n\t\t\t\t\t\t\t\t\t<span class=\"elementor-button-text\">CONTACTO<\/span>\n\t\t\t\t\t<\/span>\n\t\t\t\t\t<\/a>\n\t\t\t\t<\/div>\n\t\t\t\t\t\t\t\t<\/div>\n\t\t\t\t<\/div>\n\t\t\t\t\t<\/div>\n\t\t<\/div>\n\t\t\t\t\t<\/div>\n\t\t<\/section>\n\t\t\t\t\t<\/div>\n\t\t<\/div>\n\t\t\t\t\t<\/div>\n\t\t<\/section>\n\t\t\t\t<\/div>","protected":false},"excerpt":{"rendered":"<p>El curso \"Redes sociales profesionales\" se ajusta al T\u00edtulo RS6240 \"Gesti\u00f3n de la comunicaci\u00f3n digital de una empresa a trav\u00e9s de las redes sociales Objetivo pedag\u00f3gico Al finalizar el curso, el alumno ser\u00e1 capaz de : Utilizar las redes sociales adecuadas seg\u00fan los objetivos y la meta definidos, explotando todas sus funcionalidades para permitir [...]","protected":false},"author":1,"featured_media":0,"parent":17971,"menu_order":0,"comment_status":"closed","ping_status":"closed","template":"","meta":{"inline_featured_image":false,"__cvm_playback_settings":[],"__cvm_video_id":"","footnotes":""},"class_list":["post-11018","page","type-page","status-publish","hentry"],"_links":{"self":[{"href":"https:\/\/www.lumen-care.com\/es\/wp-json\/wp\/v2\/pages\/11018","targetHints":{"allow":["GET"]}}],"collection":[{"href":"https:\/\/www.lumen-care.com\/es\/wp-json\/wp\/v2\/pages"}],"about":[{"href":"https:\/\/www.lumen-care.com\/es\/wp-json\/wp\/v2\/types\/page"}],"author":[{"embeddable":true,"href":"https:\/\/www.lumen-care.com\/es\/wp-json\/wp\/v2\/users\/1"}],"replies":[{"embeddable":true,"href":"https:\/\/www.lumen-care.com\/es\/wp-json\/wp\/v2\/comments?post=11018"}],"version-history":[{"count":0,"href":"https:\/\/www.lumen-care.com\/es\/wp-json\/wp\/v2\/pages\/11018\/revisions"}],"up":[{"embeddable":true,"href":"https:\/\/www.lumen-care.com\/es\/wp-json\/wp\/v2\/pages\/17971"}],"wp:attachment":[{"href":"https:\/\/www.lumen-care.com\/es\/wp-json\/wp\/v2\/media?parent=11018"}],"curies":[{"name":"wp","href":"https:\/\/api.w.org\/{rel}","templated":true}]}}

Formación en marketing digital

<div data-elementor-type="wp-page" data-elementor-id="11018" class="elementor elementor-11018" data-elementor-post-type="page">
						<section data-particle_enable="false" data-particle-mobile-disabled="false" class="elementor-section elementor-top-section elementor-element elementor-element-6e97a836 elementor-section-boxed elementor-section-height-default elementor-section-height-default" data-id="6e97a836" data-element_type="section" data-e-type="section">
						<div class="elementor-container elementor-column-gap-default">
					<div class="elementor-column elementor-col-100 elementor-top-column elementor-element elementor-element-70793bf8" data-id="70793bf8" data-element_type="column" data-e-type="column">
			<div class="elementor-widget-wrap elementor-element-populated">
						<section data-particle_enable="false" data-particle-mobile-disabled="false" class="elementor-section elementor-inner-section elementor-element elementor-element-d8552f4 elementor-section-boxed elementor-section-height-default elementor-section-height-default" data-id="d8552f4" data-element_type="section" data-e-type="section">
						<div class="elementor-container elementor-column-gap-default">
					<div class="elementor-column elementor-col-50 elementor-inner-column elementor-element elementor-element-71289ec" data-id="71289ec" data-element_type="column" data-e-type="column">
			<div class="elementor-widget-wrap elementor-element-populated">
						<div class="elementor-element elementor-element-1792e82 elementor-widget elementor-widget-text-editor" data-id="1792e82" data-element_type="widget" data-e-type="widget" data-widget_type="text-editor.default">
				<div class="elementor-widget-container">
									<p><strong style="color: #00aae7; font-family: Lato, sans-serif; font-size: 1.6em;">Vía "Redes sociales profesionales</strong></p><p><strong><em>Conforme al título RS6240 "Gestión de las comunicaciones digitales de una empresa a través de las redes sociales".</em></strong></p><p><strong style="color: #00aae7; font-family: Lato, sans-serif; font-size: 1.6em;">Objetivos de aprendizaje</strong></p><p>Al finalizar el curso, los alumnos serán capaces de :</p><ul><li>Utilice las redes sociales adecuadas en función de sus objetivos y su público objetivo, explotando todas sus funcionalidades para garantizar el éxito de la estrategia de medios sociales de su empresa,</li><li>Crear visuales adaptados a los criterios de la red social elegida para su difusión integrando soluciones inclusivas, con el fin de crear contenidos óptimos para aumentar la visibilidad de la empresa accesible a todos,</li><li>Desarrollar un plan de redes sociales mediante la creación de una línea editorial basada en diferentes temas de publicación con el fin de satisfacer las demandas de la comunidad de las redes sociales,</li><li>Crear publicaciones y contenidos profesionales adaptando el formato de distribución, los elementos visuales y redactando la redacción para mantener la visibilidad de la empresa en las redes sociales,</li><li>Optimiza la gestión de tus páginas de empresa de Facebook e Instagram con la herramienta 0 "Meta Business Suite" para mejorar la eficacia de tu comunicación en las redes sociales,</li><li>Gestionar la cuenta social profesional moderando los intercambios, comentarios y mensajes para gestionar eficazmente la reputación electrónica de la empresa,</li><li>Crear una campaña patrocinada definiendo su objetivo, el público destinatario y el mensaje que se quiere transmitir para mejorar los resultados de la campaña.</li></ul><p><strong style="color: #00aae7; font-family: Lato, sans-serif; font-size: 1.6em;">Destinatarios</strong></p><p>Cualquier persona que trabaje o tenga un proyecto profesional que le obligue a comunicarse a través de las redes sociales.</p><p> </p><p><strong style="color: #00aae7; font-family: Lato, sans-serif; font-size: 1.6em;">Requisitos previos</strong></p><p>Nivel técnico: Conocimientos informáticos básicos<br />Equipamiento: acceso a Internet de banda ancha, ordenador con webcam y micrófono para las sesiones individuales</p><p> </p><p><strong style="color: #00aae7; font-family: Lato, sans-serif; font-size: 1.6em;">Duración del curso</strong></p><ul><li>25 horas de e-learning</li><li>5 horas de apoyo individual</li></ul><p><strong style="color: #00aae7; font-family: Lato, sans-serif; font-size: 1.6em;">Plazos y procedimientos de acceso</strong><br />Acceso inmediato e ilimitado</p><p> </p><p><strong style="color: #00aae7; font-family: Lato, sans-serif; font-size: 1.6em;">Recursos didácticos<br /></strong></p><ul><li>Acceso ilimitado a una plataforma de aprendizaje electrónico</li><li>Materiales del curso para descargar</li><li>Cuestionario</li><li>Ejercicios</li><li>Entrevistas individuales sobre el zoom</li></ul><p><strong style="color: #00aae7; font-family: Lato, sans-serif; font-size: 1.6em;">Resultados previstos de la formación</strong></p><p>Este curso le prepara para la certificación "Gestión de la comunicación digital".<br />de una empresa a través de las redes sociales". Título registrado en el<br />específico N°RS6240 de ALLOKOM ; válido hasta el 25/01/2026</p><p><a href="https://www.francecompetences.fr/recherche/rs/6240/" target="_blank" rel="noopener">www.francecompetences.fr/recherche/rs/6240</a><br /><a href="http://www.allokom.fr" target="_blank" rel="noopener">www.allokom.fr</a></p><p> </p><p><strong style="color: #00aae7; font-family: Lato, sans-serif; font-size: 1.6em;">Método de evaluación</strong></p><p>La evaluación durante el curso será continua, combinando ejercicios prácticos que se realizarán directamente en las redes sociales del alumno. Estos métodos están diseñados para medir la comprensión del alumno y su capacidad para aplicar los conocimientos adquiridos y ajustarlos en tiempo real.</p><p><strong>Examen de certificación obligatorio con arreglo al RS nº 6240 :<br /></strong>A más tardar 2 meses después del curso, un grupo de examinadores compuesto por 2 expertos en comunicación digital le invitará a presentar su trabajo y le interrogará sobre las 7 competencias inherentes al curso.</p><p> </p><p><strong style="color: #00aae7; font-family: Lato, sans-serif; font-size: 1.6em;">Accesibilidad para personas con discapacidad</strong></p><p>Este curso es accesible para personas con discapacidad.</p><p> </p>								</div>
				</div>
				<div class="elementor-element elementor-element-5791d65 elementor-widget elementor-widget-text-editor" data-id="5791d65" data-element_type="widget" data-e-type="widget" data-widget_type="text-editor.default">
				<div class="elementor-widget-container">
									<p><strong style="color: #00aae7; font-family: Lato, sans-serif; font-size: 1.6em;">Indicadores de resultados (2023) :</strong></p><p> </p>								</div>
				</div>
				<div class="elementor-element elementor-element-edc5b41 elementor-widget elementor-widget-text-editor" data-id="edc5b41" data-element_type="widget" data-e-type="widget" data-widget_type="text-editor.default">
				<div class="elementor-widget-container">
									<div data-id="a088c19" data-element_type="widget" data-widget_type="text-editor.default"><div><div><ul><li>Número de alumnos: 17</li><li>Tasa de abandono: 12 %</li></ul></div></div></div>								</div>
				</div>
					</div>
		</div>
				<div class="elementor-column elementor-col-50 elementor-inner-column elementor-element elementor-element-57f9972" data-id="57f9972" data-element_type="column" data-e-type="column">
			<div class="elementor-widget-wrap elementor-element-populated">
						<div class="elementor-element elementor-element-96f3e2d elementor-widget elementor-widget-text-editor" data-id="96f3e2d" data-element_type="widget" data-e-type="widget" data-widget_type="text-editor.default">
				<div class="elementor-widget-container">
									<p style="text-align: right;"><em>Actualizado: 19/01/2023<br /></em></p>								</div>
				</div>
				<div class="elementor-element elementor-element-b3654d5 elementor-nav-menu__align-end elementor-nav-menu--dropdown-mobile elementor-nav-menu__text-align-aside elementor-nav-menu--toggle elementor-nav-menu--burger elementor-widget elementor-widget-nav-menu" data-id="b3654d5" data-element_type="widget" data-e-type="widget" data-settings="{&quot;layout&quot;:&quot;vertical&quot;,&quot;submenu_icon&quot;:{&quot;value&quot;:&quot;&lt;i class=\&quot;fas fa-caret-down\&quot; aria-hidden=\&quot;true\&quot;&gt;&lt;\/i&gt;&quot;,&quot;library&quot;:&quot;fa-solid&quot;},&quot;toggle&quot;:&quot;burger&quot;}" data-widget_type="nav-menu.default">
				<div class="elementor-widget-container">
								<nav aria-label="Menú" class="elementor-nav-menu--main elementor-nav-menu__container elementor-nav-menu--layout-vertical e--pointer-text e--animation-shrink">
				<ul id="menu-1-b3654d5" class="elementor-nav-menu sm-vertical"><li class="menu-item menu-item-type-post_type menu-item-object-page menu-item-11095"><a href="https://www.lumen-care.com/es/catalogo-de-formacion/formacion-en-marketing-digital/" class="elementor-item">¿Para quién y por qué?</a></li>
<li class="menu-item menu-item-type-post_type menu-item-object-page menu-item-11096"><a href="https://www.lumen-care.com/es/catalogo-de-formacion/programa-de-marketing-digital/" class="elementor-item">Programa</a></li>
<li class="menu-item menu-item-type-post_type menu-item-object-page menu-item-11097"><a href="https://www.lumen-care.com/es/catalogo-de-formacion/tarifas-de-marketing-digital/" class="elementor-item">Calendario y precios</a></li>
</ul>			</nav>
					<div class="elementor-menu-toggle" role="button" tabindex="0" aria-label="Menú alternativo" aria-expanded="false">
			<i aria-hidden="true" role="presentation" class="elementor-menu-toggle__icon--open eicon-menu-bar"></i><i aria-hidden="true" role="presentation" class="elementor-menu-toggle__icon--close eicon-close"></i>		</div>
					<nav class="elementor-nav-menu--dropdown elementor-nav-menu__container" aria-hidden="true">
				<ul id="menu-2-b3654d5" class="elementor-nav-menu sm-vertical"><li class="menu-item menu-item-type-post_type menu-item-object-page menu-item-11095"><a href="https://www.lumen-care.com/es/catalogo-de-formacion/formacion-en-marketing-digital/" class="elementor-item" tabindex="-1">¿Para quién y por qué?</a></li>
<li class="menu-item menu-item-type-post_type menu-item-object-page menu-item-11096"><a href="https://www.lumen-care.com/es/catalogo-de-formacion/programa-de-marketing-digital/" class="elementor-item" tabindex="-1">Programa</a></li>
<li class="menu-item menu-item-type-post_type menu-item-object-page menu-item-11097"><a href="https://www.lumen-care.com/es/catalogo-de-formacion/tarifas-de-marketing-digital/" class="elementor-item" tabindex="-1">Calendario y precios</a></li>
</ul>			</nav>
						</div>
				</div>
				<div class="elementor-element elementor-element-1e54dbf elementor-button-info elementor-align-center elementor-widget elementor-widget-button" data-id="1e54dbf" data-element_type="widget" data-e-type="widget" data-widget_type="button.default">
				<div class="elementor-widget-container">
									<div class="elementor-button-wrapper">
					<a class="elementor-button elementor-button-link elementor-size-sm" href="https://appt.link/lumen-care-laboratory/rdv-information" target="_blank">
						<span class="elementor-button-content-wrapper">
									<span class="elementor-button-text">CONTACTO</span>
					</span>
					</a>
				</div>
								</div>
				</div>
					</div>
		</div>
					</div>
		</section>
					</div>
		</div>
					</div>
		</section>
				</div>

<p>El curso "Redes sociales profesionales" se ajusta al Título RS6240 "Gestión de la comunicación digital de una empresa a través de las redes sociales Objetivo pedagógico Al finalizar el curso, el alumno será capaz de : Utilizar las redes sociales adecuadas según los objetivos y la meta definidos, explotando todas sus funcionalidades para permitir [...]
