{"id":1053,"date":"2017-01-06T23:56:07","date_gmt":"2017-01-06T22:56:07","guid":{"rendered":"http:\/\/www.lumen-care.com\/produit\/complexe-laitages\/"},"modified":"2025-03-26T22:08:08","modified_gmt":"2025-03-26T21:08:08","slug":"complejo-lacteo","status":"publish","type":"product","link":"https:\/\/www.lumen-care.com\/es\/sensibilidades-intolerancias\/complejo-lacteo\/","title":{"rendered":"Complejo l\u00e1cteo"},"content":{"rendered":"<div class=\"fusion-one-full fusion-layout-column fusion-column-last fusion-spacing-yes\">\n<div class=\"fusion-column-wrapper\">\n<p>Para el equilibrio vibracional en relaci\u00f3n con todas las formas de sensibilidad e intolerancia a los productos l\u00e1cteos, en particular la lactosa y la case\u00edna.<\/p>\n<p>Los especialistas siguen considerando que los productos l\u00e1cteos no son aptos para el consumo humano en general y deben consumirse con moderaci\u00f3n.<\/p>\n<p><b>N\u00famero de mezclas: 6\u00a0<\/b><\/p>\n<\/div>\n<\/div>\n<div><\/div>\n<table style=\"width: 100%;\">\n<tbody>\n<tr>\n<td style=\"width: 50%; height: 18px;\" valign=\"top\">\n<h3>LECHE AL-06<\/h3>\n<p class=\"s7\">Lactosa, \u00c1cido l\u00e1ctico, Suero de mantequilla, Mantequilla, Mantequilla clarificada, Case\u00edna, Citrato de calcio E333, Calostro, Nata, Cr\u00e8me fraiche, E 325 Lactato de sodio, E 326 Lactato de potasio, E 327 Lactato de calcio, Queso, Reques\u00f3n, Queso de oveja, Queso de cabra, Queso de vaca, Quesos, Lactatos, Suero, Leche, Leche cuajada, Leche concentrada, Leche cruda, Leche de oveja, Leche de b\u00fafala, Leche de cabra, Leche semidesnatada, Leche desnatada, Leche en polvo, Leche entera, Leche fermentada, Leche materna, Leche pasteurizada, Leche esterilizada, Leche UHT, Productos l\u00e1cteos, Leches fermentadas, Suero, Yogur, Prote\u00ednas del suero.<\/p>\n<h3>FERMENTOS L\u00c1CTICOS <span class=\"s6\">AL-18<\/span><\/h3>\n<p class=\"s7\">\u00c1cido l\u00e1ctico, E 325 Lactato de sodio, E 326 Lactato de potasio, E 327 Lactato de calcio, Bifidobacterium, Lactobacillus acidophilus, Lactobacillus casei, Lactobacillus rhamnosus, lactis cristum, lacto serum bificae, Bifidis albidictus<\/p>\n<h3>LEVURES <span class=\"s6\">AL-07<\/span><\/h3>\n<p class=\"s7\">\u00c1cido gluc\u00f3nico, Ascomicetos, B. Longum, Bacterias, Basidiomicetos, Basidiosporas, Bifidobacterium bifidum, Cuajada, Coagulante, Eucariotas, Eumicetos, L. Casei, Lactobacilos, Lactococcus lactis, Lactococos, Levadura de cerveza, Levadura de panadero, Moho, Penicilinas, P. biforme thom, P. camembertii, P. roqueforti, Pichia, Cuajo, Saccharomyces<\/p>\n<p class=\"s7\">\n<\/td>\n<td style=\"width: 50%; height: 18px;\" valign=\"top\">\n<h3>APARATO DIGESTIVO <span class=\"s6\">OR-02<\/span><\/h3>\n<p class=\"s7\">Ano, Ap\u00e9ndice, Ciego, Cavidad bucal, Colon ascendente, Colon descendente, Colon sigmoide, Colon transverso, Colon, Duodeno, Epitelio del est\u00f3mago, Est\u00f3mago, Gl\u00e1ndulas g\u00e1stricas del est\u00f3mago, Garganta, Gran curvatura del est\u00f3mago, Intestino grueso, \u00cdleon, Intestino delgado, Yeyuno, Lumen intestinal, Manto m\u00fasculo-fibroso, Recto, Submucosa, Esf\u00ednter pil\u00f3rico, V\u00e1lvula ileocecal, V\u00e1lvulas conniventes, Vellosidades y microvellosidades intestinales.<\/p>\n<h3>ENZIMAS DIGESTIVAS O-03 <span class=\"s6\">OR-02<\/span><\/h3>\n<p class=\"s7\">Alfa-amilasa, aminopeptidasas, amilasa, amilasa salival, bilis, bro-melina, carboxipeptidasa, catepsina, celulasa, quimosina, quimotripsina, desoxirribonucleasa, dip\u00e9ptidasa, disacaridasas, elastasa pancre\u00e1tica, enteroquinasa, Erepsina, Galactosidasa, Invertasa, Lactasa, Lipasa, Lisozima, Maltasa, Mutasa, Nucleosidasas, Pancreatina, Pepsina, Pepsin\u00f3geno, Peptidasa, Fosfatasas, Ptialina, Renina, Ribonucleasa, Sacarasa, Esterol esterasa, Tripsina.<\/p>\n<h3>MICROBIOTE <span class=\"s6\">OR-05<\/span><\/h3>\n<p class=\"s7\">Firmicutes, Peptostreptococcus, Eubacterium, Clostridium, Ruminococcus, Butyrivibrio, Faecalibacterium, Lactobacillius, Roseburia, Bacteroidetes, Bacteroides, Prevotella, Xylanibacter, Porphyromonas, Actinobacteria, Bifidobacteria, Collinsella, Proteobacteria, Escherichia, Desulfovibrio, Helicobacter, Verrucomicrobia, Akker- mansia, Methanobrevibacter...<\/p>\n<\/td>\n<\/tr>\n<\/tbody>\n<\/table>\n<p><b>\u00bfPARA QUI\u00c9N ES?<\/b><br \/>\nTratar todas las formas de sensibilidad o intolerancia \/\/ Cualquiera que sea la sustancia implicada \/\/ Cualquiera que sea la historia \/\/ Cualquiera que sea la intensidad.<\/p>\n<p><b>C\u00d3MO FUNCIONA :<\/b><br \/>\nEl m\u00e9todo Lumen Care se basa en <strong>memoria del agua<\/strong> y el principio homeop\u00e1tico de<strong>isoterapia<\/strong> que consiste en tratar un problema con la sustancia responsable del mismo, llevada a una diluci\u00f3n muy elevada. Este protocolo energ\u00e9tico adopta la forma de una c\u00e1psula de agua informada que se lleva como colgante sobre la piel.<\/p>\n<p><b>PROTOCOLO DE TRATAMIENTO :<\/b><br \/>\nCada c\u00e1psula debe llevarse 8 horas al d\u00eda durante 15 d\u00edas repartidos en 1 mes. Una vez desprogramada con \u00e9xito una sensibilidad, el resultado deber\u00eda ser duradero (<a href=\"https:\/\/www.lumen-care.com\/es\/mode-emploi\/\" target=\"_blank\" rel=\"noopener\">ver instrucciones de uso<\/a>).<\/p>\n<p><b>UN M\u00c9TODO NO INVASIVO:<\/b><br \/>\nSin ingesti\u00f3n \/\/ Sin absorci\u00f3n cut\u00e1nea \/\/ Sin dietas ni evitaci\u00f3n \/\/ Sin efectos secundarios \/\/ Sin l\u00edmite de edad \/\/ Sin interacciones medicamentosas.<\/p>\n<p><em><strong>NB: No apto para personas anafil\u00e1cticas a los al\u00e9rgenos enumerados sin seguimiento por parte de <a href=\"https:\/\/www.apsl-sante.org\/annuaire-therapeutes\/\">un profesional de Lumen Care<\/a>.<\/strong><\/em><\/p>","protected":false},"excerpt":{"rendered":"<p>Para un equilibrio vibratorio vinculado a todas las formas de sensibilidad e intolerancia a los productos l\u00e1cteos.<\/p>","protected":false},"featured_media":16737,"comment_status":"closed","ping_status":"closed","template":"","meta":{"inline_featured_image":false,"__cvm_playback_settings":[],"__cvm_video_id":""},"product_brand":[],"product_cat":[72],"product_tag":[19],"class_list":{"0":"post-1053","1":"product","2":"type-product","3":"status-publish","4":"has-post-thumbnail","6":"product_cat-intolerances-et-allergies-alimentaires","7":"product_tag-sensibilites-et-intolerances-alimentaires","8":"member-discount","9":"discount-restricted","11":"first","12":"instock","13":"taxable","14":"shipping-taxable","15":"purchasable","16":"product-type-simple"},"composite_virtual":false,"composite_layout":"","composite_add_to_cart_form_location":"","composite_editable_in_cart":false,"composite_sold_individually_context":"","composite_shop_price_calc":"","composite_components":[],"composite_scenarios":[],"_links":{"self":[{"href":"https:\/\/www.lumen-care.com\/es\/wp-json\/wp\/v2\/product\/1053","targetHints":{"allow":["GET"]}}],"collection":[{"href":"https:\/\/www.lumen-care.com\/es\/wp-json\/wp\/v2\/product"}],"about":[{"href":"https:\/\/www.lumen-care.com\/es\/wp-json\/wp\/v2\/types\/product"}],"replies":[{"embeddable":true,"href":"https:\/\/www.lumen-care.com\/es\/wp-json\/wp\/v2\/comments?post=1053"}],"wp:featuredmedia":[{"embeddable":true,"href":"https:\/\/www.lumen-care.com\/es\/wp-json\/wp\/v2\/media\/16737"}],"wp:attachment":[{"href":"https:\/\/www.lumen-care.com\/es\/wp-json\/wp\/v2\/media?parent=1053"}],"wp:term":[{"taxonomy":"product_brand","embeddable":true,"href":"https:\/\/www.lumen-care.com\/es\/wp-json\/wp\/v2\/product_brand?post=1053"},{"taxonomy":"product_cat","embeddable":true,"href":"https:\/\/www.lumen-care.com\/es\/wp-json\/wp\/v2\/product_cat?post=1053"},{"taxonomy":"product_tag","embeddable":true,"href":"https:\/\/www.lumen-care.com\/es\/wp-json\/wp\/v2\/product_tag?post=1053"}],"curies":[{"name":"wp","href":"https:\/\/api.w.org\/{rel}","templated":true}]}}

Complejo lácteo

<div class="fusion-one-full fusion-layout-column fusion-column-last fusion-spacing-yes">
<div class="fusion-column-wrapper">
<p>Para el equilibrio vibracional en relación con todas las formas de sensibilidad e intolerancia a los productos lácteos, en particular la lactosa y la caseína.</p>
<p>Los especialistas siguen considerando que los productos lácteos no son aptos para el consumo humano en general y deben consumirse con moderación.</p>
<p><b>Número de mezclas: 6 </b></p>
</div>
</div>
<div></div>
<table style="width: 100%;">
<tbody>
<tr>
<td style="width: 50%; height: 18px;" valign="top">
<h3>LECHE AL-06</h3>
<p class="s7">Lactosa, Ácido láctico, Suero de mantequilla, Mantequilla, Mantequilla clarificada, Caseína, Citrato de calcio E333, Calostro, Nata, Crème fraiche, E 325 Lactato de sodio, E 326 Lactato de potasio, E 327 Lactato de calcio, Queso, Requesón, Queso de oveja, Queso de cabra, Queso de vaca, Quesos, Lactatos, Suero, Leche, Leche cuajada, Leche concentrada, Leche cruda, Leche de oveja, Leche de búfala, Leche de cabra, Leche semidesnatada, Leche desnatada, Leche en polvo, Leche entera, Leche fermentada, Leche materna, Leche pasteurizada, Leche esterilizada, Leche UHT, Productos lácteos, Leches fermentadas, Suero, Yogur, Proteínas del suero.</p>
<h3>FERMENTOS LÁCTICOS <span class="s6">AL-18</span></h3>
<p class="s7">Ácido láctico, E 325 Lactato de sodio, E 326 Lactato de potasio, E 327 Lactato de calcio, Bifidobacterium, Lactobacillus acidophilus, Lactobacillus casei, Lactobacillus rhamnosus, lactis cristum, lacto serum bificae, Bifidis albidictus</p>
<h3>LEVURES <span class="s6">AL-07</span></h3>
<p class="s7">Ácido glucónico, Ascomicetos, B. Longum, Bacterias, Basidiomicetos, Basidiosporas, Bifidobacterium bifidum, Cuajada, Coagulante, Eucariotas, Eumicetos, L. Casei, Lactobacilos, Lactococcus lactis, Lactococos, Levadura de cerveza, Levadura de panadero, Moho, Penicilinas, P. biforme thom, P. camembertii, P. roqueforti, Pichia, Cuajo, Saccharomyces</p>
<p class="s7">
</td>
<td style="width: 50%; height: 18px;" valign="top">
<h3>APARATO DIGESTIVO <span class="s6">OR-02</span></h3>
<p class="s7">Ano, Apéndice, Ciego, Cavidad bucal, Colon ascendente, Colon descendente, Colon sigmoide, Colon transverso, Colon, Duodeno, Epitelio del estómago, Estómago, Glándulas gástricas del estómago, Garganta, Gran curvatura del estómago, Intestino grueso, Íleon, Intestino delgado, Yeyuno, Lumen intestinal, Manto músculo-fibroso, Recto, Submucosa, Esfínter pilórico, Válvula ileocecal, Válvulas conniventes, Vellosidades y microvellosidades intestinales.</p>
<h3>ENZIMAS DIGESTIVAS O-03 <span class="s6">OR-02</span></h3>
<p class="s7">Alfa-amilasa, aminopeptidasas, amilasa, amilasa salival, bilis, bro-melina, carboxipeptidasa, catepsina, celulasa, quimosina, quimotripsina, desoxirribonucleasa, dipéptidasa, disacaridasas, elastasa pancreática, enteroquinasa, Erepsina, Galactosidasa, Invertasa, Lactasa, Lipasa, Lisozima, Maltasa, Mutasa, Nucleosidasas, Pancreatina, Pepsina, Pepsinógeno, Peptidasa, Fosfatasas, Ptialina, Renina, Ribonucleasa, Sacarasa, Esterol esterasa, Tripsina.</p>
<h3>MICROBIOTE <span class="s6">OR-05</span></h3>
<p class="s7">Firmicutes, Peptostreptococcus, Eubacterium, Clostridium, Ruminococcus, Butyrivibrio, Faecalibacterium, Lactobacillius, Roseburia, Bacteroidetes, Bacteroides, Prevotella, Xylanibacter, Porphyromonas, Actinobacteria, Bifidobacteria, Collinsella, Proteobacteria, Escherichia, Desulfovibrio, Helicobacter, Verrucomicrobia, Akker- mansia, Methanobrevibacter...</p>
</td>
</tr>
</tbody>
</table>
<p><b>¿PARA QUIÉN ES?</b><br />
Tratar todas las formas de sensibilidad o intolerancia // Cualquiera que sea la sustancia implicada // Cualquiera que sea la historia // Cualquiera que sea la intensidad.</p>
<p><b>CÓMO FUNCIONA :</b><br />
El método Lumen Care se basa en <strong>memoria del agua</strong> y el principio homeopático de<strong>isoterapia</strong> que consiste en tratar un problema con la sustancia responsable del mismo, llevada a una dilución muy elevada. Este protocolo energético adopta la forma de una cápsula de agua informada que se lleva como colgante sobre la piel.</p>
<p><b>PROTOCOLO DE TRATAMIENTO :</b><br />
Cada cápsula debe llevarse 8 horas al día durante 15 días repartidos en 1 mes. Una vez desprogramada con éxito una sensibilidad, el resultado debería ser duradero (<a href="https://www.lumen-care.com/es/mode-emploi/" target="_blank" rel="noopener">ver instrucciones de uso</a>).</p>
<p><b>UN MÉTODO NO INVASIVO:</b><br />
Sin ingestión // Sin absorción cutánea // Sin dietas ni evitación // Sin efectos secundarios // Sin límite de edad // Sin interacciones medicamentosas.</p>
<p><em><strong>NB: No apto para personas anafilácticas a los alérgenos enumerados sin seguimiento por parte de <a href="https://www.apsl-sante.org/annuaire-therapeutes/">un profesional de Lumen Care</a>.</strong></em></p>

<p>Para un equilibrio vibratorio vinculado a todas las formas de sensibilidad e intolerancia a los productos lácteos.</p>
