{"id":19391,"date":"2023-11-08T23:15:28","date_gmt":"2023-11-08T22:15:28","guid":{"rendered":"https:\/\/www.lumen-care.com\/?post_type=product&#038;p=19391"},"modified":"2025-01-15T21:41:56","modified_gmt":"2025-01-15T20:41:56","slug":"cohanims","status":"publish","type":"product","link":"https:\/\/www.lumen-care.com\/es\/sensibilidades-intolerancias\/cohanims\/","title":{"rendered":"Cohanims"},"content":{"rendered":"<p><span style=\"font-size: 90%\"><em>Seg\u00fan N\u00fameros, cap\u00edtulo 6, vers\u00edculos 22-27 - Tradici\u00f3n jud\u00eda<\/em><\/span><br \/>\nDios me bendice y me guarda. Dios ilumina sus rostros<br \/>hacia m\u00ed y me hace gracia. Dios vuelve su rostro hacia m\u00ed<br \/>y pone paz dentro de m\u00ed.<br \/>\u05d9\u05b7\u05d1\u05b8 \u05e8\u05b6 \u05db\u05b0\u05b8\u05da \u05d9\u05b7\u05d4\u05d5\u05b8 \u05d4 \u05d5\u05b7 \u05d9\u05b4 \u05b0\u05c1\u05e9\u05b0 \u05de\u05b0 \u05e8\u05b6 \u05da<br \/>: \u05d9\u05b8\u05d0\u05b5 \u05e8 \u05d9\u05b7\u05d4\u05d5\u05b8 \u05d4 \u05b8\u05bc\u05e4\u05b8 \u05e0\u05b8\u05d9\u05d5 \u05d0\u05b5 \u05dc\u05b6 \u05d9\u05b8\u05da \u05d5\u05b4 \u05d9\u05d7\u05bb \u05b6\u05bc\u05e0\u05b6\u05b8\u05bc\u05da\u05b8\u05bc<br \/>\u05d9\u05b4 \u05b8\u05bc\u05c2\u05e9\u05b8 \u05d0 \u05d9\u05b7\u05d4\u05d5\u05b8 \u05d4 \u05b8\u05bc\u05e4\u05b8 \u05e0\u05b8\u05d9\u05d5 \u05d0\u05b5 \u05dc\u05b6 \u05d9\u05b8\u05da \u05d5\u05b7 \u05d9\u05b8 \u05b5\u05c2\u05e9\u05b5 \u05dd \u05dc\u05b0 \u05b8\u05da \u05b8\u05c1\u05e9\u05b8 \u05dc\u05b9\u05d5\u05dd<\/p>","protected":false},"excerpt":{"rendered":"<p>Seg\u00fan N\u00fameros, cap\u00edtulo 6, vers\u00edculos 22-27 - tradici\u00f3n jud\u00eda:<\/p>\n<p>Dios me bendice y me guarda. Dios ilumina sus rostros hacia m\u00ed y me agracia. Dios trae sus rostros hacia m\u00edy pone paz en m\u00ed.\u05d9\u05b7\u05d1\u05b8 \u05e8\u05b6 \u05db\u05b0 \u05b8\u05da \u05d9\u05b7\u05d4\u05d5\u05b8 \u05d4 \u05d5\u05b7 \u05d9\u05b4 \u05b0\u05c1\u05e9\u05b0 \u05de\u05b0 \u05e8\u05b6 \u05da: \u05d9\u05b8\u05d0\u05b5 \u05e8 \u05d9\u05b7\u05d4\u05d5\u05b8 \u05d4 \u05b8\u05bc\u05e4\u05b8 \u05e0\u05b8\u05d9\u05d5 \u05d0\u05b5 \u05dc\u05b6 \u05d9\u05b8\u05da \u05d5\u05b4 \u05d9\u05d7\u05bb \u05bc\u05d9\u05b4 \u05b8\u05bc\u05c2\u05e9\u05b8 \u05d0 \u05d9\u05b7\u05d4\u05d5\u05b8 \u05d4 \u05b8\u05bc\u05e4\u05b8 \u05e0\u05b8\u05d9\u05d5 \u05d0\u05b5 \u05dc\u05b6 \u05d9\u05b8\u05da \u05d5\u05b7 \u05d9\u05b8 \u05b5\u05c2\u05e9\u05b5 \u05dd \u05dc\u05b0 \u05b8\u05da \u05b8\u05c1\u05e9\u05b8 \u05dc\u05b9\u05d5\u05dd&nbsp;<\/p>","protected":false},"featured_media":19655,"comment_status":"closed","ping_status":"closed","template":"","meta":{"inline_featured_image":false,"__cvm_playback_settings":[],"__cvm_video_id":""},"product_brand":[],"product_cat":[1163],"product_tag":[],"class_list":{"0":"post-19391","1":"product","2":"type-product","3":"status-publish","4":"has-post-thumbnail","6":"product_cat-prieres-mantras-mandalas","7":"member-discount","8":"discount-restricted","10":"first","11":"instock","12":"taxable","13":"shipping-taxable","14":"purchasable","15":"product-type-variable"},"composite_virtual":false,"composite_layout":"","composite_add_to_cart_form_location":"","composite_editable_in_cart":false,"composite_sold_individually_context":"","composite_shop_price_calc":"","composite_components":[],"composite_scenarios":[],"_links":{"self":[{"href":"https:\/\/www.lumen-care.com\/es\/wp-json\/wp\/v2\/product\/19391","targetHints":{"allow":["GET"]}}],"collection":[{"href":"https:\/\/www.lumen-care.com\/es\/wp-json\/wp\/v2\/product"}],"about":[{"href":"https:\/\/www.lumen-care.com\/es\/wp-json\/wp\/v2\/types\/product"}],"replies":[{"embeddable":true,"href":"https:\/\/www.lumen-care.com\/es\/wp-json\/wp\/v2\/comments?post=19391"}],"wp:featuredmedia":[{"embeddable":true,"href":"https:\/\/www.lumen-care.com\/es\/wp-json\/wp\/v2\/media\/19655"}],"wp:attachment":[{"href":"https:\/\/www.lumen-care.com\/es\/wp-json\/wp\/v2\/media?parent=19391"}],"wp:term":[{"taxonomy":"product_brand","embeddable":true,"href":"https:\/\/www.lumen-care.com\/es\/wp-json\/wp\/v2\/product_brand?post=19391"},{"taxonomy":"product_cat","embeddable":true,"href":"https:\/\/www.lumen-care.com\/es\/wp-json\/wp\/v2\/product_cat?post=19391"},{"taxonomy":"product_tag","embeddable":true,"href":"https:\/\/www.lumen-care.com\/es\/wp-json\/wp\/v2\/product_tag?post=19391"}],"curies":[{"name":"wp","href":"https:\/\/api.w.org\/{rel}","templated":true}]}}

<p><span style="font-size: 90%"><em>Según Números, capítulo 6, versículos 22-27 - Tradición judía</em></span><br />
Dios me bendice y me guarda. Dios ilumina sus rostros<br />hacia mí y me hace gracia. Dios vuelve su rostro hacia mí<br />y pone paz dentro de mí.<br />יַבָ רֶ כְָך יַהוָ ה וַ יִ ְׁשְ מְ רֶ ך<br />: יָאֵ ר יַהוָ ה ָּפָ נָיו אֵ לֶ יָך וִ יחֻ ֶּנֶָּךָּ<br />יִ ָּׂשָ א יַהוָ ה ָּפָ נָיו אֵ לֶ יָך וַ יָ ֵׂשֵ ם לְ ָך ָׁשָ לֹום</p>

<p>Según Números, capítulo 6, versículos 22-27 - tradición judía:</p>
<p>Dios me bendice y me guarda. Dios ilumina sus rostros hacia mí y me agracia. Dios trae sus rostros hacia míy pone paz en mí.יַבָ רֶ כְ ָך יַהוָ ה וַ יִ ְׁשְ מְ רֶ ך: יָאֵ ר יַהוָ ה ָּפָ נָיו אֵ לֶ יָך וִ יחֻ ּיִ ָּׂשָ א יַהוָ ה ָּפָ נָיו אֵ לֶ יָך וַ יָ ֵׂשֵ ם לְ ָך ָׁשָ לֹום&nbsp;</p>
