{"id":24318,"date":"2024-10-22T19:20:56","date_gmt":"2024-10-22T17:20:56","guid":{"rendered":"https:\/\/www.lumen-care.com\/?post_type=product&#038;p=24318"},"modified":"2025-03-26T22:35:41","modified_gmt":"2025-03-26T21:35:41","slug":"souvrir-au-monde-melange-5-effluences","status":"publish","type":"product","link":"https:\/\/www.lumen-care.com\/es\/sensibilidades-intolerancias\/souvrir-au-monde-melange-5-effluences\/","title":{"rendered":"Abrirse al mundo - M\u00e9lange 5 Effluences"},"content":{"rendered":"<div class=\"fusion-one-full fusion-layout-column fusion-column-last fusion-spacing-yes\">\n<div class=\"fusion-column-wrapper\">\n<h2 data-fontsize=\"40\" data-lineheight=\"48\"><em><b>Composici\u00f3n de la mezcla '*<span data-sheets-root=\"1\">Abrirse al mundo<\/span>'<\/b><\/em><\/h2>\n<\/div>\n<\/div>\n<table style=\"border-collapse: collapse; width: 100%;\">\n<tbody>\n<tr>\n<td style=\"width: 50%;\">\n<ul>\n<li><span style=\"color: #00ccff;\"><strong>Aceptar a los dem\u00e1s<\/strong><\/span>Acepto la diferencia y la diversidad. Conf\u00edo en los dem\u00e1s. Respeto a los dem\u00e1s. Soy tolerante. Escucho y respeto las diferencias de los dem\u00e1s. Acepto los l\u00edmites y puntos de vista de los dem\u00e1s.<\/li>\n<li><span style=\"color: #00ccff;\"><strong>Confianza en el Universo<\/strong><\/span>Tengo una fe absoluta e inquebrantable en el universo. Conf\u00edo en la vida. Conecto con la abundancia. La abundancia. La vida me apoya.<\/li>\n<li><span style=\"color: #00ccff;\"><strong>Expresarse<\/strong><\/span>Me expreso. Expreso qui\u00e9n soy, lo que pienso y mis verdaderos sentimientos. Libero mi discurso. Libero mi garganta. Me comunico con facilidad y amor.<\/li>\n<\/ul>\n<\/td>\n<td style=\"width: 50%;\">\n<ul>\n<li><span style=\"color: #00ccff;\"><strong>Esmeralda<\/strong><\/span>Fuerzas de autocuraci\u00f3n en todos los cuerpos. Sensaci\u00f3n de un nuevo comienzo. Profundos sentimientos de amor, esperanza, curaci\u00f3n y sabidur\u00eda. Crea un espacio para la meditaci\u00f3n, armonizando el chakra del coraz\u00f3n.<\/li>\n<li><span style=\"color: #00ccff;\"><strong>Orqu\u00eddea BP<\/strong><\/span>Te ayuda a conectar con los dem\u00e1s. Te ayuda a dar un paso atr\u00e1s y ver las cosas con m\u00e1s claridad.<\/li>\n<\/ul>\n<\/td>\n<\/tr>\n<\/tbody>\n<\/table>\n<p>Cuello incluido.<\/p>\n<h2>Una mezcla de <em>5 Influencias<\/em><\/h2>\n<p>Esta mezcla se compone de 5 <em>Efluentes <\/em>tomados de referencias en emociones, flores y cristales. 5 es el n\u00famero m\u00e1ximo de<em>Efluentes<\/em> que pueden llevarse al mismo tiempo. Por lo tanto, esta mezcla representa el mejor potencial para poner en pr\u00e1ctica la intenci\u00f3n de la mezcla.<\/p>","protected":false},"excerpt":{"rendered":"<h2>Mix '*<span data-sheets-root=\"1\">Abrirse al mundo<\/span>'<\/h2>\n<p><span data-sheets-root=\"1\">Composici\u00f3n: Aceptar a los dem\u00e1s - Confiar en el Universo - Expresarse - Esmeralda - Orqu\u00eddea BP<\/span><\/p>","protected":false},"featured_media":24520,"comment_status":"open","ping_status":"closed","template":"","meta":{"inline_featured_image":false,"__cvm_playback_settings":[],"__cvm_video_id":""},"product_brand":[],"product_cat":[1177],"product_tag":[],"class_list":{"0":"post-24318","1":"product","2":"type-product","3":"status-publish","4":"has-post-thumbnail","6":"product_cat-melanges","7":"member-discount","8":"discount-restricted","10":"first","11":"instock","12":"taxable","13":"shipping-taxable","14":"purchasable","15":"product-type-simple"},"composite_virtual":false,"composite_layout":"","composite_add_to_cart_form_location":"","composite_editable_in_cart":false,"composite_sold_individually_context":"","composite_shop_price_calc":"","composite_components":[],"composite_scenarios":[],"_links":{"self":[{"href":"https:\/\/www.lumen-care.com\/es\/wp-json\/wp\/v2\/product\/24318","targetHints":{"allow":["GET"]}}],"collection":[{"href":"https:\/\/www.lumen-care.com\/es\/wp-json\/wp\/v2\/product"}],"about":[{"href":"https:\/\/www.lumen-care.com\/es\/wp-json\/wp\/v2\/types\/product"}],"replies":[{"embeddable":true,"href":"https:\/\/www.lumen-care.com\/es\/wp-json\/wp\/v2\/comments?post=24318"}],"wp:featuredmedia":[{"embeddable":true,"href":"https:\/\/www.lumen-care.com\/es\/wp-json\/wp\/v2\/media\/24520"}],"wp:attachment":[{"href":"https:\/\/www.lumen-care.com\/es\/wp-json\/wp\/v2\/media?parent=24318"}],"wp:term":[{"taxonomy":"product_brand","embeddable":true,"href":"https:\/\/www.lumen-care.com\/es\/wp-json\/wp\/v2\/product_brand?post=24318"},{"taxonomy":"product_cat","embeddable":true,"href":"https:\/\/www.lumen-care.com\/es\/wp-json\/wp\/v2\/product_cat?post=24318"},{"taxonomy":"product_tag","embeddable":true,"href":"https:\/\/www.lumen-care.com\/es\/wp-json\/wp\/v2\/product_tag?post=24318"}],"curies":[{"name":"wp","href":"https:\/\/api.w.org\/{rel}","templated":true}]}}

Abrirse al mundo - Mélange 5 Effluences

<div class="fusion-one-full fusion-layout-column fusion-column-last fusion-spacing-yes">
<div class="fusion-column-wrapper">
<h2 data-fontsize="40" data-lineheight="48"><em><b>Composición de la mezcla '*<span data-sheets-root="1">Abrirse al mundo</span>'</b></em></h2>
</div>
</div>
<table style="border-collapse: collapse; width: 100%;">
<tbody>
<tr>
<td style="width: 50%;">
<ul>
<li><span style="color: #00ccff;"><strong>Aceptar a los demás</strong></span>Acepto la diferencia y la diversidad. Confío en los demás. Respeto a los demás. Soy tolerante. Escucho y respeto las diferencias de los demás. Acepto los límites y puntos de vista de los demás.</li>
<li><span style="color: #00ccff;"><strong>Confianza en el Universo</strong></span>Tengo una fe absoluta e inquebrantable en el universo. Confío en la vida. Conecto con la abundancia. La abundancia. La vida me apoya.</li>
<li><span style="color: #00ccff;"><strong>Expresarse</strong></span>Me expreso. Expreso quién soy, lo que pienso y mis verdaderos sentimientos. Libero mi discurso. Libero mi garganta. Me comunico con facilidad y amor.</li>
</ul>
</td>
<td style="width: 50%;">
<ul>
<li><span style="color: #00ccff;"><strong>Esmeralda</strong></span>Fuerzas de autocuración en todos los cuerpos. Sensación de un nuevo comienzo. Profundos sentimientos de amor, esperanza, curación y sabiduría. Crea un espacio para la meditación, armonizando el chakra del corazón.</li>
<li><span style="color: #00ccff;"><strong>Orquídea BP</strong></span>Te ayuda a conectar con los demás. Te ayuda a dar un paso atrás y ver las cosas con más claridad.</li>
</ul>
</td>
</tr>
</tbody>
</table>
<p>Cuello incluido.</p>
<h2>Una mezcla de <em>5 Influencias</em></h2>
<p>Esta mezcla se compone de 5 <em>Efluentes </em>tomados de referencias en emociones, flores y cristales. 5 es el número máximo de<em>Efluentes</em> que pueden llevarse al mismo tiempo. Por lo tanto, esta mezcla representa el mejor potencial para poner en práctica la intención de la mezcla.</p>

<h2>Mix '*<span data-sheets-root="1">Abrirse al mundo</span>'</h2>
<p><span data-sheets-root="1">Composición: Aceptar a los demás - Confiar en el Universo - Expresarse - Esmeralda - Orquídea BP</span></p>
