{"id":24822,"date":"2024-12-03T18:35:37","date_gmt":"2024-12-03T17:35:37","guid":{"rendered":"https:\/\/www.lumen-care.com\/?post_type=product&#038;p=24822"},"modified":"2025-03-26T22:14:03","modified_gmt":"2025-03-26T21:14:03","slug":"sustancias-volatiles-complejas","status":"publish","type":"product","link":"https:\/\/www.lumen-care.com\/es\/sensibilidades-intolerancias\/sustancias-volatiles-complejas\/","title":{"rendered":"Sustancias vol\u00e1tiles complejas (\u00e1caros\/polvo, materiales de construcci\u00f3n, excreciones, contaminaci\u00f3n)"},"content":{"rendered":"<div class=\"fusion-one-full fusion-layout-column fusion-column-last fusion-spacing-yes\">\n<div class=\"fusion-column-wrapper\">\n<p>Para un equilibrio vibratorio ligado a todas las formas de intolerancia a las sustancias vol\u00e1tiles.<\/p>\n<p>&nbsp;<\/p>\n<\/div>\n<\/div>\n<table style=\"width: 100%;\">\n<tbody>\n<tr>\n<td style=\"width: 50%; height: 18px;\" valign=\"top\">\n<h3>\u00c1CAROS<\/h3>\n<p class=\"s7\">Acari, demodex, dermatophagoides...<br \/>\nPolvo dom\u00e9stico, carb\u00f3n, cereales, paja,<br \/>\nmetales, madera, cenizas...<\/p>\n<h3>MATERIALES DE CONSTRUCCI\u00d3N - POLVOS<\/h3>\n<p class=\"s7\">Piedra caliza, cal, cemento, arcilla, hormig\u00f3n, yeso, arena, s\u00edlice, lana de vidrio, lana de roca, amianto, etc.<\/p>\n<h3>CONTAMINACI\u00d3N POR COMBUSTIBLE<\/h3>\n<p class=\"s7\">Compuestos org\u00e1nicos vol\u00e1tiles (COV), di\u00f3xido de nitr\u00f3geno,<br \/>\ndi\u00f3xido de carbono, di\u00f3xido de azufre, humo de chimeneas, cigarrillos, petr\u00f3leo y combusti\u00f3n,<br \/>\nescape...<\/p>\n<\/td>\n<td style=\"width: 50%; height: 18px;\" valign=\"top\">\n<h3>OLFACCI\u00d3N<\/h3>\n<p class=\"s7\">Aromate, aroma, olor, perfume, hedor, relente, olor, olor, inhalar, respirar, exhalar<\/p>\n<h3>SISTEMA RESPIRATORIO<\/h3>\n<p class=\"s7\">Todos los \u00f3rganos y partes que componen las funciones respiratorias.<\/p>\n<h3>EXCERPTS<\/h3>\n<p class=\"s7\">Transpiraci\u00f3n, saliva, mucosidad, \u00e1cido \u00farico, bilis, sebo, l\u00e1grimas...<\/p>\n<h3>HIST-AMINASES<\/h3>\n<p class=\"s7\">Diamino oxidasa - dao, monoamino oxidasas...<\/p>\n<\/td>\n<\/tr>\n<\/tbody>\n<\/table>\n<p><b>\u00bfPARA QUI\u00c9N ES?<\/b><br \/>\nTratar todas las formas de sensibilidad o intolerancia \/\/ Cualquiera que sea la sustancia implicada \/\/ Cualquiera que sea la historia \/\/ Cualquiera que sea la intensidad.<\/p>\n<p><b>C\u00d3MO FUNCIONA :<\/b><br \/>\nEl m\u00e9todo Lumen Care se basa en <strong>memoria del agua<\/strong> y el principio homeop\u00e1tico de<strong>isoterapia<\/strong> que consiste en tratar un problema con la sustancia responsable del mismo, llevada a una diluci\u00f3n muy elevada. Este protocolo energ\u00e9tico adopta la forma de una c\u00e1psula de agua informada que se lleva como colgante sobre la piel.<\/p>\n<p><b>PROTOCOLO DE TRATAMIENTO :<\/b><br \/>\nCada c\u00e1psula debe llevarse 8 horas al d\u00eda durante 15 d\u00edas repartidos en 1 mes. Una vez desprogramada con \u00e9xito una sensibilidad, el resultado deber\u00eda ser duradero (<a href=\"https:\/\/www.lumen-care.com\/es\/mode-emploi\/\" target=\"_blank\" rel=\"noopener\">ver instrucciones de uso<\/a>).<\/p>\n<p><b>UN M\u00c9TODO NO INVASIVO:<\/b><br \/>\nSin ingesti\u00f3n \/\/ Sin absorci\u00f3n cut\u00e1nea \/\/ Sin dietas ni evitaci\u00f3n \/\/ Sin efectos secundarios \/\/ Sin l\u00edmite de edad \/\/ Sin interacciones medicamentosas.<\/p>\n<p><em><strong>NB: No apto para personas anafil\u00e1cticas a los al\u00e9rgenos enumerados sin seguimiento por parte de <a href=\"https:\/\/www.apsl-sante.org\/annuaire-therapeutes\/\">un profesional de Lumen Care<\/a>.<\/strong><\/em><\/p>","protected":false},"excerpt":{"rendered":"<p>Para un equilibrio vibratorio ligado a todas las formas de intolerancia a las sustancias vol\u00e1tiles.<\/p>","protected":false},"featured_media":25568,"comment_status":"closed","ping_status":"closed","template":"","meta":{"inline_featured_image":false,"__cvm_playback_settings":[],"__cvm_video_id":""},"product_brand":[],"product_cat":[73],"product_tag":[19],"class_list":{"0":"post-24822","1":"product","2":"type-product","3":"status-publish","4":"has-post-thumbnail","6":"product_cat-allergies-environnementales","7":"product_tag-sensibilites-et-intolerances-alimentaires","8":"member-discount","9":"discount-restricted","11":"first","12":"instock","13":"taxable","14":"shipping-taxable","15":"purchasable","16":"product-type-simple"},"composite_virtual":false,"composite_layout":"","composite_add_to_cart_form_location":"","composite_editable_in_cart":false,"composite_sold_individually_context":"","composite_shop_price_calc":"","composite_components":[],"composite_scenarios":[],"_links":{"self":[{"href":"https:\/\/www.lumen-care.com\/es\/wp-json\/wp\/v2\/product\/24822","targetHints":{"allow":["GET"]}}],"collection":[{"href":"https:\/\/www.lumen-care.com\/es\/wp-json\/wp\/v2\/product"}],"about":[{"href":"https:\/\/www.lumen-care.com\/es\/wp-json\/wp\/v2\/types\/product"}],"replies":[{"embeddable":true,"href":"https:\/\/www.lumen-care.com\/es\/wp-json\/wp\/v2\/comments?post=24822"}],"wp:featuredmedia":[{"embeddable":true,"href":"https:\/\/www.lumen-care.com\/es\/wp-json\/wp\/v2\/media\/25568"}],"wp:attachment":[{"href":"https:\/\/www.lumen-care.com\/es\/wp-json\/wp\/v2\/media?parent=24822"}],"wp:term":[{"taxonomy":"product_brand","embeddable":true,"href":"https:\/\/www.lumen-care.com\/es\/wp-json\/wp\/v2\/product_brand?post=24822"},{"taxonomy":"product_cat","embeddable":true,"href":"https:\/\/www.lumen-care.com\/es\/wp-json\/wp\/v2\/product_cat?post=24822"},{"taxonomy":"product_tag","embeddable":true,"href":"https:\/\/www.lumen-care.com\/es\/wp-json\/wp\/v2\/product_tag?post=24822"}],"curies":[{"name":"wp","href":"https:\/\/api.w.org\/{rel}","templated":true}]}}

Sustancias volátiles complejas (ácaros/polvo, materiales de construcción, excreciones, contaminación)

<div class="fusion-one-full fusion-layout-column fusion-column-last fusion-spacing-yes">
<div class="fusion-column-wrapper">
<p>Para un equilibrio vibratorio ligado a todas las formas de intolerancia a las sustancias volátiles.</p>
<p>&nbsp;</p>
</div>
</div>
<table style="width: 100%;">
<tbody>
<tr>
<td style="width: 50%; height: 18px;" valign="top">
<h3>ÁCAROS</h3>
<p class="s7">Acari, demodex, dermatophagoides...<br />
Polvo doméstico, carbón, cereales, paja,<br />
metales, madera, cenizas...</p>
<h3>MATERIALES DE CONSTRUCCIÓN - POLVOS</h3>
<p class="s7">Piedra caliza, cal, cemento, arcilla, hormigón, yeso, arena, sílice, lana de vidrio, lana de roca, amianto, etc.</p>
<h3>CONTAMINACIÓN POR COMBUSTIBLE</h3>
<p class="s7">Compuestos orgánicos volátiles (COV), dióxido de nitrógeno,<br />
dióxido de carbono, dióxido de azufre, humo de chimeneas, cigarrillos, petróleo y combustión,<br />
escape...</p>
</td>
<td style="width: 50%; height: 18px;" valign="top">
<h3>OLFACCIÓN</h3>
<p class="s7">Aromate, aroma, olor, perfume, hedor, relente, olor, olor, inhalar, respirar, exhalar</p>
<h3>SISTEMA RESPIRATORIO</h3>
<p class="s7">Todos los órganos y partes que componen las funciones respiratorias.</p>
<h3>EXCERPTS</h3>
<p class="s7">Transpiración, saliva, mucosidad, ácido úrico, bilis, sebo, lágrimas...</p>
<h3>HIST-AMINASES</h3>
<p class="s7">Diamino oxidasa - dao, monoamino oxidasas...</p>
</td>
</tr>
</tbody>
</table>
<p><b>¿PARA QUIÉN ES?</b><br />
Tratar todas las formas de sensibilidad o intolerancia // Cualquiera que sea la sustancia implicada // Cualquiera que sea la historia // Cualquiera que sea la intensidad.</p>
<p><b>CÓMO FUNCIONA :</b><br />
El método Lumen Care se basa en <strong>memoria del agua</strong> y el principio homeopático de<strong>isoterapia</strong> que consiste en tratar un problema con la sustancia responsable del mismo, llevada a una dilución muy elevada. Este protocolo energético adopta la forma de una cápsula de agua informada que se lleva como colgante sobre la piel.</p>
<p><b>PROTOCOLO DE TRATAMIENTO :</b><br />
Cada cápsula debe llevarse 8 horas al día durante 15 días repartidos en 1 mes. Una vez desprogramada con éxito una sensibilidad, el resultado debería ser duradero (<a href="https://www.lumen-care.com/es/mode-emploi/" target="_blank" rel="noopener">ver instrucciones de uso</a>).</p>
<p><b>UN MÉTODO NO INVASIVO:</b><br />
Sin ingestión // Sin absorción cutánea // Sin dietas ni evitación // Sin efectos secundarios // Sin límite de edad // Sin interacciones medicamentosas.</p>
<p><em><strong>NB: No apto para personas anafilácticas a los alérgenos enumerados sin seguimiento por parte de <a href="https://www.apsl-sante.org/annuaire-therapeutes/">un profesional de Lumen Care</a>.</strong></em></p>

<p>Para un equilibrio vibratorio ligado a todas las formas de intolerancia a las sustancias volátiles.</p>
